hat is the hundreds digit of 8/(-1)*177/(-12)?
1
Let y = -2 - -16. What is the tens digit of y?
1
Let h = 1 + -5. What is the units digit of (-6)/24 + (-33)/h?
8
Suppose 0 = -r + 3*g - 3, -4*r = g + g - 44. Suppose -3*t = 2*m + r - 48, 0 = -2*t + 4*m + 10. What is the tens digit of t?
1
Suppose 4*h = 3*h. Suppose 3*n + 45 = -5*x, h = -2*x + 3*n + n - 18. Let v = -5 - x. What is the units digit of v?
4
Suppose 236 = 4*i + v, -2*i - 3*i = 5*v - 295. Let x = -36 + i. Suppose 0 = 2*k + 3*k + 3*q - x, 24 = 5*k + 4*q. What is the units digit of k?
4
Let a = 18 - 10. Let p be 38/(-8) + (-2)/a. What is the units digit of 2/p - (-84)/10?
8
Let n = 39 - 26. Let r = n + -11. What is the units digit of r?
2
Let h(d) = 3*d - 2. Let f be 1/(-5) - (-24)/20. Let y be (-2)/(-2) - f - -6. What is the units digit of h(y)?
6
Let i(b) = -b**2 + 3*b - 1. Suppose -5*n + 7 = t, -2*t + 0*n + 3 = -n. What is the units digit of i(t)?
1
Let y = -27 + 42. Suppose -10 = 3*j - 5*x, -j = 4*j - 3*x + 6. Suppose 4*a - 46 = -3*u - 11, j = -2*u - a + y. What is the units digit of u?
5
Suppose 158 = 4*a - 2*a. What is the units digit of a?
9
Suppose -4*w = -5*o + 10, w + 7 = -0*w - o. Let h(b) = -b - 6. Let c be h(w). What is the units digit of -3 + (-13)/c + -2?
8
Let j = 124 - 119. What is the units digit of j?
5
Let z = -132 - -219. What is the units digit of z?
7
Let z(a) = 7*a - 8. Let h be z(5). Let l be (-1)/(-1 - 24/(-22)). Let c = l + h. What is the tens digit of c?
1
What is the tens digit of 74/(20/(-8) - (-4 + 1))?
4
Let o = -8 - -11. Suppose -o = -h - 2*h. What is the units digit of h?
1
What is the tens digit of 6/(-2)*(-143)/39?
1
Suppose 0 = 8*j - 3*j + 3*c - 179, 3*j - 105 = -c. What is the units digit of j?
4
Let n = -92 - -178. What is the units digit of n?
6
Suppose 2*q + b - 3*b - 46 = 0, -3*b = -q + 31. Suppose 2*l = l + q. What is the tens digit of l?
1
Let k(i) be the first derivative of -i**4/4 - i**3 + i**2 + 2. What is the units digit of k(-4)?
8
Let k(m) = m**2 - 7*m + 8. Suppose 54 = 5*l + s + 17, -3*l + 25 = 2*s. What is the units digit of k(l)?
8
Let b be 1/((-1)/(-7) + 0). Suppose 2*x + b = 1. Let n = 4 - x. What is the units digit of n?
7
Let o(d) = d**2 - 8*d - 5. Let y be o(8). Let a(v) = -v**2 - 6*v + 6. What is the units digit of a(y)?
1
Let w(k) = k**3 + 6*k**2 - 6*k - 1. Let f be w(-7). Let j = f - -29. What is the tens digit of j?
2
What is the units digit of (-679)/(-21) + 4/6?
3
Let k(y) = y - 4. Let j be k(6). Let h be 10/(-3) - 2/(-6). What is the units digit of (-5 + j)*2/h?
2
Suppose -5*n - 79 = -9. Let b = -10 - n. What is the units digit of b?
4
Suppose 4*h + 5*r = 25, 0 = 5*h + 5*r - 8 - 17. Suppose -3*g = -h*g - 18. What is the units digit of g?
6
Let i be (-6)/27 + (-7)/9. Let a(l) = 31*l**2 + l. What is the units digit of a(i)?
0
Suppose 0 = -2*x + 33 + 195. What is the hundreds digit of x?
1
Let q(s) be the first derivative of -s**4/4 + 13*s**3/3 - 6*s**2 + 9*s - 1. What is the units digit of q(12)?
9
Let q(z) = -9*z**3 - 2*z**2 + z. Let d be q(1). Let x be (8/d)/((-4)/(-30)). What is the units digit of (4/x)/(3/(-36))?
8
Suppose 7 = 4*v - 69. Suppose -4*h + v - 7 = 0. Suppose 7 = 4*q + h. What is the units digit of q?
1
Let f = -25 - -44. Suppose -2*r - f + 91 = 0. What is the tens digit of r?
3
Suppose r - 2*g = g + 7, 5*r - 4*g - 35 = 0. Suppose 8*v = r*v + 5. Suppose -v*c = -3*s + 43, 10 = 5*s + 5*c - 35. What is the tens digit of s?
1
Suppose 4*i - 48 = -a, 4*i + 3*a = i + 27. What is the tens digit of i?
1
What is the tens digit of 58 + 1 + 0/(-13)?
5
Suppose -5 = -2*i + 3. Suppose 8*l = i*l + 72. What is the tens digit of l?
1
Suppose 5*t - j + 0*j = 6, 5*t = -5*j + 30. Suppose 5*w - 1 = 4*d, -1 = -t*w - 4*d + 5. Suppose -4*l + 5 = w. What is the units digit of l?
1
Let l = 32 - -9. What is the tens digit of l?
4
What is the tens digit of (-4)/48*-4*393?
3
Let u(m) = 2*m**3 - 8*m**2 - m + 11. What is the tens digit of u(6)?
4
Suppose c - 1 = -f - 2*f, -2*f = -3*c + 14. Suppose -15 = -a - c*a. Suppose 77 = 5*k - a*y, -5*k - y + 0*y + 81 = 0. What is the units digit of k?
6
Suppose -46 = -2*m + 24. What is the units digit of m?
5
Suppose 8*a - 13*a + 350 = 0. What is the units digit of a?
0
Let k = 77 - 30. Suppose 4*r + 147 = k. Let a = -10 - r. What is the tens digit of a?
1
Let i(j) = j**3 + 7*j**2 + 5*j - 3. Let v be i(-6). Suppose 5*m + 3*c = -6 + 163, v*m - 5*c = 101. What is the tens digit of m?
3
Let z(v) = -v + 2 - v**3 + 2 + 3*v - 3*v**2. Let i be z(-3). What is the units digit of 1 - (i + 4 + -2)?
1
Let c(j) = j. Let t be c(-5). Let o = 9 + t. Suppose -n = o*n - 20. What is the units digit of n?
4
Let p = 1 + 3. Let k be -2 + p + 3/3. What is the units digit of -2*(-3 + k/(-6))?
7
Let w be 60/(-2)*(-3)/9. What is the units digit of (-42)/(-5) + 6/w?
9
Let u(a) = -a**2 + 5*a + 3. Suppose 2*l - 1 = 9. What is the units digit of u(l)?
3
Let u(i) be the third derivative of -2*i**2 - 5/6*i**3 + 0*i - 1/60*i**5 - 7/24*i**4 + 0. What is the units digit of u(-5)?
5
Suppose 0 = -6*y + 3*y + 36. Let q = 15 - y. What is the units digit of q?
3
Let q = 18 - 20. Let u(i) = 2*i**2 - 2*i - 3. What is the units digit of u(q)?
9
Suppose 5*x + 6*m = 2*m + 27, 5*x - 2*m - 9 = 0. Suppose -5*v = x*l - 27, -2*l - 3*v = -8*v + 7. Suppose -5*r + l*r = -6. What is the units digit of r?
6
Let h = -10 + 11. Let x be ((-2)/4)/((-1)/4). What is the units digit of 5/(h*(x - 1))?
5
Let i(v) = 2*v**2 - 2*v - 2. Let l(b) = 2 + 10 - b**2 - 10*b + 2*b**2. Let n be l(9). What is the tens digit of i(n)?
1
Suppose 3*p - 15 = 3*b, 0*b = -b. Suppose -99 = -p*s + 16. Let f = -11 + s. What is the units digit of f?
2
Suppose 10*n - 36 = 14*n. What is the units digit of n/(12/(-4)) - -36?
9
Suppose 2*w - 2*r - 2 = 0, -5*w + 3*r = -7 - 0. Suppose -w*k - 20 = -60. What is the tens digit of k?
2
Let f(m) = -m**2 + 14*m - 12. What is the units digit of f(10)?
8
Let c = -40 + 66. What is the units digit of c?
6
What is the units digit of 0/3 + 0 + 1?
1
Let n(y) = -y + 8. Let s(x) = 1. Let w(o) = -n(o) + 5*s(o). Let p be w(7). Suppose 5*h = -2*q + 22, -1 = -5*q + p. What is the units digit of h?
4
Let i(t) be the third derivative of t**5/60 + t**3/3 + 2*t**2. What is the tens digit of i(3)?
1
Let r be (-2*1 + 30)/1. Let b = 21 + -29. Let q = b + r. What is the tens digit of q?
2
Let b(l) = 2*l. Let u be 1/(-3 - (-51)/18). Let m be b(u). Let z = -5 - m. What is the units digit of z?
7
Suppose p - y = -4*p + 30, -5*p = -2*y - 35. Suppose 0*o - 5*o = -p. Suppose -2*l - 3 = -3*c, -5*c + 6 - o = l. What is the units digit of c?
1
What is the hundreds digit of ((-5215)/6)/(-5) + (-5)/(-30)?
1
Let j = -3 + 11. Let r be (12/j)/((-1)/(-6)). What is the units digit of (-6)/r - (-35)/3?
1
Let c(v) = v**3 - v**2 - 36. Let g be c(0). Suppose -2*o + 54 = o. What is the units digit of (-188)/g - 4/o?
5
Suppose 0 = 2*k - 262 - 34. Suppose t - 5*t + k = 0. What is the units digit of t?
7
Let z(d) = -d + 0 - 6 + 2*d + 0*d. What is the units digit of z(11)?
5
Let d be (5 - 5)*(-1)/2. Suppose 3*p = -5*x - 4, -x = 5*p - d*x + 14. Let t = 5 - p. What is the units digit of t?
8
Suppose 0 = -2*p - 4*f + 2 + 2, -15 = -3*f. Suppose -2*i - 34 = -0*j + 2*j, -27 = 3*i - 3*j. Let u = p - i. What is the units digit of u?
5
Let j(o) = o**3 + 8*o**2 - 20*o - 1. Let m be j(-10). Let b = 8 + -5. What is the tens digit of ((1 - b) + -9)/m?
1
Let k = -13 + 17. Suppose -5*t + k*j + 105 = 0, -t = -j - j - 15. What is the units digit of t?
5
Let s = 8 - 6. Suppose s + 8 = 2*n. Suppose 0 = 3*y - n - 52. What is the tens digit of y?
1
Suppose -5*l + 10 = -10. Let s = -2 + l. Suppose 3*z + 9 = 3*v, -3 = -v - s*z + 15. What is the units digit of v?
8
What is the units digit of 28/14 + 75 + 1?
8
What is the units digit of (4/6)/((-1)/(-6))?
4
Let b = 206 + -36. What is the tens digit of b?
7
Suppose 3*i - 663 = -3*c, -7*i + 1102 = -2*i + 4*c. What is the tens digit of i?
1
Let r be 2*((-33)/6 - -2). Let y = 6 - r. Let i = y - 8. What is the units digit of i?
5
Let x be -7 + (-5)/(20/(-16)). What is the tens digit of x + 5 - (-42 + 3)?
4
Let f be 4/2*15/10. Suppose f*q - 4*l = 30, 2*q = -3*q + 4*l + 58. What is the units digit of q?
4
Let q = -5 + 10. Suppose 5*m + 2*g - 45 = -0*g, q*m - 5*g - 45 = 0.